units digit of 952?
2
What is the hundreds digit of 95775?
7
What is the units digit of 50?
0
What is the units digit of 9371?
1
What is the ten thousands digit of 25522?
2
What is the hundreds digit of 169?
1
What is the units digit of 26025?
5
What is the thousands digit of 1266?
1
What is the units digit of 18121?
1
What is the tens digit of 3353?
5
What is the tens digit of 14250?
5
What is the thousands digit of 6045?
6
What is the hundreds digit of 5083?
0
What is the units digit of 57242?
2
What is the hundreds digit of 1661?
6
What is the units digit of 15138?
8
What is the hundreds digit of 67410?
4
What is the tens digit of 2976?
7
What is the units digit of 579?
9
What is the units digit of 28878?
8
What is the hundreds digit of 3554?
5
What is the units digit of 1780?
0
What is the thousands digit of 14805?
4
What is the tens digit of 2153?
5
What is the hundreds digit of 17817?
8
What is the thousands digit of 11489?
1
What is the hundreds digit of 1655?
6
What is the units digit of 1171?
1
What is the hundreds digit of 33822?
8
What is the units digit of 45183?
3
What is the tens digit of 894?
9
What is the tens digit of 60974?
7
What is the thousands digit of 79317?
9
What is the thousands digit of 3894?
3
What is the tens digit of 112008?
0
What is the tens digit of 12472?
7
What is the units digit of 2251?
1
What is the hundreds digit of 4579?
5
What is the units digit of 3513?
3
What is the tens digit of 3062?
6
What is the hundreds digit of 1545?
5
What is the tens digit of 9781?
8
What is the tens digit of 1894?
9
What is the units digit of 10199?
9
What is the units digit of 869?
9
What is the hundreds digit of 90499?
4
What is the thousands digit of 17740?
7
What is the hundreds digit of 273?
2
What is the hundreds digit of 4767?
7
What is the ten thousands digit of 77969?
7
What is the hundreds digit of 2570?
5
What is the tens digit of 886?
8
What is the tens digit of 890?
9
What is the thousands digit of 20361?
0
What is the tens digit of 89487?
8
What is the units digit of 35773?
3
What is the units digit of 1506?
6
What is the tens digit of 71594?
9
What is the units digit of 24793?
3
What is the tens digit of 7306?
0
What is the tens digit of 1919?
1
What is the hundreds digit of 128982?
9
What is the tens digit of 38973?
7
What is the units digit of 3160?
0
What is the thousands digit of 20007?
0
What is the ten thousands digit of 182666?
8
What is the tens digit of 1052?
5
What is the units digit of 7742?
2
What is the tens digit of 600?
0
What is the hundreds digit of 9806?
8
What is the thousands digit of 75178?
5
What is the hundreds digit of 897?
8
What is the units digit of 37163?
3
What is the thousands digit of 5511?
5
What is the thousands digit of 1904?
1
What is the units digit of 1196?
6
What is the hundreds digit of 2529?
5
What is the hundreds digit of 9658?
6
What is the units digit of 15?
5
What is the tens digit of 13697?
9
What is the ten thousands digit of 17193?
1
What is the ten thousands digit of 45156?
4
What is the hundreds digit of 2261?
2
What is the thousands digit of 18985?
8
What is the thousands digit of 2868?
2
What is the hundreds digit of 940?
9
What is the ten thousands digit of 11023?
1
What is the thousands digit of 49125?
9
What is the hundreds digit of 742?
7
What is the tens digit of 31805?
0
What is the units digit of 9398?
8
What is the units digit of 27521?
1
What is the tens digit of 11789?
8
What is the hundreds digit of 6746?
7
What is the units digit of 5808?
8
What is the thousands digit of 13011?
3
What is the thousands digit of 23053?
3
What is the thousands digit of 1129?
1
What is the tens digit of 1765?
6
What is the tens digit of 61?
6
What is the hundreds digit of 5692?
6
What is the units digit of 812?
2
What is the tens digit of 3279?
7
What is the units digit of 69514?
4
What is the thousands digit of 3282?
3
What is the thousands digit of 41491?
1
What is the ten thousands digit of 59846?
5
What is the hundreds digit of 17426?
4
What is the hundreds digit of 939?
9
What is the hundreds digit of 16849?
8
What is the ten thousands digit of 69069?
6
What is the tens digit of 37187?
8
What is the units digit of 7292?
2
What is the tens digit of 1552?
5
What is the hundreds digit of 3113?
1
What is the units digit of 2442?
2
What is the thousands digit of 3030?
3
What is the hundreds digit of 11967?
9
What is the tens digit of 2529?
2
What is the tens digit of 57?
5
What is the hundreds digit of 4416?
4
What is the hundreds digit of 73324?
3
What is the tens digit of 7113?
1
What is the hundreds digit of 177?
1
What is the hundreds digit of 714?
7
What is the tens digit of 6721?
2
What is the ten thousands digit of 17375?
1
What is the ten thousands digit of 94563?
9
What is the thousands digit of 17741?
7
What is the hundreds digit of 6608?
6
What is the units digit of 1312?
2
What is the hundreds digit of 107067?
0
What is the hundreds digit of 6769?
7
What is the units digit of 6942?
2
What is the ten thousands digit of 47537?
4
What is the units digit of 20567?
7
What is the units digit of 6198?
8
What is the thousands digit of 23474?
3
What is the units digit of 5567?
7
What is the units digit of 461?
1
What is the thousands digit of 1113?
1
What is the tens digit of 24201?
0
What is the tens digit of 331?
3
What is the tens digit of 1833?
3
What is the hundred thousands digit of 106616?
1
What is the hundreds digit of 10394?
3
What is the units digit of 4904?
4
What is the units digit of 12054?
4
What is the thousands digit of 6846?
6
What is the tens digit of 510?
1
What is the tens digit of 65064?
6
What is the tens digit of 1995?
9
What is the units digit of 32737?
7
What is the units digit of 3488?
8
What is the hundreds digit of 565?
5
What is the ten thousands digit of 21028?
2
What is the thousands digit of 36170?
6
What is the tens digit of 372?
7
What is the tens digit of 3664?
6
What is the hundreds digit of 1783?
7
What is the tens digit of 1031?
3
What is the thousands digit of 2068?
2
What is the units digit of 7465?
5
What is the thousands digit of 33176?
3
What is the hundreds digit of 20276?
2
What is the hundreds digit of 213582?
5
What is the tens digit of 5206?
0
What is the hundreds digit of 170119?
1
What is the units digit of 313?
3
What is the hundreds digit of 2472?
4
What is the tens digit of 94216?
1
What is the hundreds digit of 9346?
3
What is the units digit of 1523?
3
What is the units digit of 42938?
8
What is the units digit of 624?
4
What is the tens digit of 1561?
6
What is the units digit of 2700?
0
What is the units digit of 949?
9
What is the hundreds digit of 1179?
1
What is the tens digit of 14121?
2
What is the tens digit of 88?
8
What is the thousands digit of 6018?
6
What is the units digit of 23987?
7
What is the hundreds digit of 4816?
8
What is the units digit of 152250?
0
What is the tens digit of 44900?
0
What is the units digit of 5901?
1
What is the units digit of 30888?
8
What is the tens digit of 4903?
0
What is the hundreds digit of 7147?
1
What is the units digit of 2277?
7
What is the tens digit of 1852?
5
What is the thousands digit of 38022?
8
What is the units digit of 50611?
1
What is the units digit of 8231?
1
What is the hundreds digit of 10281?
2
What is the thousands digit of 1076?
1
What is the ten thousands digit of 27499?
2
What is the hundreds digit of 2327?
3
What is the units digit of 47560?
0
What is the thousands digit of 2733?
2
What is the hundreds digit of 565?
5
What is the units digit of 70802?
2
What is the thousands digit of 5184?
5
What is the hundreds digit of 951?
9
What is the hundreds digit of 192?
1
What is the units digit of 893?
3
What is the hundred thousands digit of 112153?
1
What is the units digit of 35516?
6
What is the thousands digit of 34085?
4
What is the units digit of 8346?
6
What is the units digit of 2235?
5
What is the tens digit of 1240?
4
What is the hundreds digit of 595?
5
What is the units digit of 8758?
8
What is the units digit of 28222?
2
What is the units digit of 112241?
1
What is the thousands digit of 95049?
5
What is the ten thousands digit of 11353?
1
What is the hundred thousands digit of 112376?
1
What is the thousands digit of 5624?
5
Wh